[INFO] fetching crate turtlefmt 0.1.0...
[INFO] checking turtlefmt-0.1.0 against master#9610dfe5a9a731ced1ea4923ecbd0c57fe367898 for beta-170-4
[INFO] extracting crate turtlefmt 0.1.0 into /workspace/builds/worker-6-tc1/source
[INFO] validating manifest of crates.io crate turtlefmt 0.1.0 on toolchain 9610dfe5a9a731ced1ea4923ecbd0c57fe367898
[INFO] running `Command { std: CARGO_HOME="/workspace/cargo-home" RUSTUP_HOME="/workspace/rustup-home" "/workspace/cargo-home/bin/cargo" "+9610dfe5a9a731ced1ea4923ecbd0c57fe367898" "metadata" "--manifest-path" "Cargo.toml" "--no-deps", kill_on_drop: false }`
[INFO] started tweaking crates.io crate turtlefmt 0.1.0
[INFO] finished tweaking crates.io crate turtlefmt 0.1.0
[INFO] tweaked toml for crates.io crate turtlefmt 0.1.0 written to /workspace/builds/worker-6-tc1/source/Cargo.toml
[INFO] crate crates.io crate turtlefmt 0.1.0 already has a lockfile, it will not be regenerated
[INFO] running `Command { std: CARGO_HOME="/workspace/cargo-home" RUSTUP_HOME="/workspace/rustup-home" "/workspace/cargo-home/bin/cargo" "+9610dfe5a9a731ced1ea4923ecbd0c57fe367898" "fetch" "--manifest-path" "Cargo.toml", kill_on_drop: false }`
[INFO] [stderr]     Updating crates.io index
[INFO] [stderr]  Downloading crates ...
[INFO] [stderr]   Downloaded tree-sitter-highlight v0.20.1
[INFO] [stderr]   Downloaded tree-sitter-loader v0.20.0
[INFO] [stderr]   Downloaded oxiri v0.2.2
[INFO] [stderr]   Downloaded rio_turtle v0.8.0
[INFO] [stderr]   Downloaded tree-sitter-config v0.19.0
[INFO] [stderr]   Downloaded tree-sitter-tags v0.20.2
[INFO] [stderr]   Downloaded sparesults v0.1.3
[INFO] [stderr]   Downloaded rio_api v0.8.0
[INFO] [stderr]   Downloaded smallbitvec v2.5.1
[INFO] [stderr]   Downloaded oxilangtag v0.1.3
[INFO] [stderr]   Downloaded rio_xml v0.8.0
[INFO] [stderr]   Downloaded diffy v0.3.0
[INFO] [stderr]   Downloaded json-event-parser v0.1.1
[INFO] [stderr]   Downloaded spargebra v0.2.3
[INFO] [stderr]   Downloaded html-escape v0.2.13
[INFO] [stderr]   Downloaded lasso v0.6.0
[INFO] [stderr]   Downloaded tree-sitter v0.20.9
[INFO] [stderr]   Downloaded sysinfo v0.27.2
[INFO] [stderr]   Downloaded tree-sitter-cli v0.20.7
[INFO] [stderr]   Downloaded oxrocksdb-sys v0.3.10
[INFO] [stderr]   Downloaded oxrdf v0.1.1
[INFO] [stderr]   Downloaded oxigraph v0.3.10
[INFO] running `Command { std: "docker" "create" "-v" "/var/lib/crater-agent-workspace/builds/worker-6-tc1/target:/opt/rustwide/target:rw,Z" "-v" "/var/lib/crater-agent-workspace/builds/worker-6-tc1/source:/opt/rustwide/workdir:ro,Z" "-v" "/var/lib/crater-agent-workspace/cargo-home:/opt/rustwide/cargo-home:ro,Z" "-v" "/var/lib/crater-agent-workspace/rustup-home:/opt/rustwide/rustup-home:ro,Z" "-e" "SOURCE_DIR=/opt/rustwide/workdir" "-e" "CARGO_TARGET_DIR=/opt/rustwide/target" "-e" "CARGO_HOME=/opt/rustwide/cargo-home" "-e" "RUSTUP_HOME=/opt/rustwide/rustup-home" "-w" "/opt/rustwide/workdir" "-m" "1610612736" "--user" "0:0" "--network" "none" "ghcr.io/rust-lang/crates-build-env/linux@sha256:19e73879b68f455e41552ea35293514db52ea292d993f571636dbffedb77a1ee" "/opt/rustwide/cargo-home/bin/cargo" "+9610dfe5a9a731ced1ea4923ecbd0c57fe367898" "metadata" "--no-deps" "--format-version=1", kill_on_drop: false }`
[INFO] [stdout] d95d6b6b245e9f847cea424eaa4572217d2ea1a1184b3740ba831718d0e70bc7
[INFO] running `Command { std: "docker" "start" "-a" "d95d6b6b245e9f847cea424eaa4572217d2ea1a1184b3740ba831718d0e70bc7", kill_on_drop: false }`
[INFO] running `Command { std: "docker" "inspect" "d95d6b6b245e9f847cea424eaa4572217d2ea1a1184b3740ba831718d0e70bc7", kill_on_drop: false }`
[INFO] running `Command { std: "docker" "rm" "-f" "d95d6b6b245e9f847cea424eaa4572217d2ea1a1184b3740ba831718d0e70bc7", kill_on_drop: false }`
[INFO] [stdout] d95d6b6b245e9f847cea424eaa4572217d2ea1a1184b3740ba831718d0e70bc7
[INFO] running `Command { std: "docker" "create" "-v" "/var/lib/crater-agent-workspace/builds/worker-6-tc1/target:/opt/rustwide/target:rw,Z" "-v" "/var/lib/crater-agent-workspace/builds/worker-6-tc1/source:/opt/rustwide/workdir:ro,Z" "-v" "/var/lib/crater-agent-workspace/cargo-home:/opt/rustwide/cargo-home:ro,Z" "-v" "/var/lib/crater-agent-workspace/rustup-home:/opt/rustwide/rustup-home:ro,Z" "-e" "SOURCE_DIR=/opt/rustwide/workdir" "-e" "CARGO_TARGET_DIR=/opt/rustwide/target" "-e" "CARGO_INCREMENTAL=0" "-e" "RUST_BACKTRACE=full" "-e" "RUSTFLAGS=--cap-lints=forbid" "-e" "RUSTDOCFLAGS=--cap-lints=forbid" "-e" "CARGO_HOME=/opt/rustwide/cargo-home" "-e" "RUSTUP_HOME=/opt/rustwide/rustup-home" "-w" "/opt/rustwide/workdir" "-m" "1610612736" "--user" "0:0" "--network" "none" "ghcr.io/rust-lang/crates-build-env/linux@sha256:19e73879b68f455e41552ea35293514db52ea292d993f571636dbffedb77a1ee" "/opt/rustwide/cargo-home/bin/cargo" "+9610dfe5a9a731ced1ea4923ecbd0c57fe367898" "check" "--frozen" "--all" "--all-targets" "--message-format=json", kill_on_drop: false }`
[INFO] [stdout] 4cef12ce309077095ac1de8b61fdaa5a3759287c3ac64c162ecdd8e35e648ada
[INFO] running `Command { std: "docker" "start" "-a" "4cef12ce309077095ac1de8b61fdaa5a3759287c3ac64c162ecdd8e35e648ada", kill_on_drop: false }`
[INFO] [stderr]    Compiling autocfg v1.1.0
[INFO] [stderr]    Compiling proc-macro2 v1.0.49
[INFO] [stderr]    Compiling unicode-ident v1.0.6
[INFO] [stderr]    Compiling quote v1.0.23
[INFO] [stderr]    Compiling libc v0.2.139
[INFO] [stderr]    Compiling syn v1.0.107
[INFO] [stderr]    Compiling memchr v2.5.0
[INFO] [stderr]     Checking cfg-if v1.0.0
[INFO] [stderr]    Compiling version_check v0.9.4
[INFO] [stderr]    Compiling log v0.4.17
[INFO] [stderr]     Checking once_cell v1.17.0
[INFO] [stderr]    Compiling serde_derive v1.0.152
[INFO] [stderr]    Compiling serde v1.0.152
[INFO] [stderr]    Compiling thiserror v1.0.38
[INFO] [stderr]    Compiling regex-syntax v0.6.28
[INFO] [stderr]    Compiling glob v0.3.0
[INFO] [stderr]    Compiling anyhow v1.0.68
[INFO] [stderr]    Compiling serde_json v1.0.91
[INFO] [stderr]    Compiling libloading v0.7.4
[INFO] [stderr]     Checking itoa v1.0.5
[INFO] [stderr]    Compiling indexmap v1.9.2
[INFO] [stderr]    Compiling num-traits v0.2.15
[INFO] [stderr]    Compiling num-integer v0.1.45
[INFO] [stderr]    Compiling bitflags v1.3.2
[INFO] [stderr]    Compiling either v1.8.0
[INFO] [stderr]     Checking pin-project-lite v0.2.9
[INFO] [stderr]    Compiling rustc-hash v1.1.0
[INFO] [stderr]    Compiling lazy_static v1.4.0
[INFO] [stderr]    Compiling tinyvec_macros v0.1.0
[INFO] [stderr]    Compiling typenum v1.16.0
[INFO] [stderr]    Compiling pkg-config v0.3.26
[INFO] [stderr]    Compiling tinyvec v1.6.0
[INFO] [stderr]    Compiling generic-array v0.14.6
[INFO] [stderr]    Compiling crossbeam-utils v0.8.14
[INFO] [stderr]     Checking bytes v1.3.0
[INFO] [stderr]    Compiling semver v1.0.16
[INFO] [stderr]     Checking hashbrown v0.12.3
[INFO] [stderr]    Compiling aho-corasick v0.7.20
[INFO] [stderr]    Compiling tree-sitter-loader v0.20.0
[INFO] [stderr]    Compiling futures-core v0.3.25
[INFO] [stderr]    Compiling jobserver v0.1.25
[INFO] [stderr]    Compiling which v4.3.0
[INFO] [stderr]    Compiling dirs-sys v0.3.7
[INFO] [stderr]    Compiling cc v1.0.78
[INFO] [stderr]    Compiling clang-sys v1.4.0
[INFO] [stderr]    Compiling tokio v1.23.0
[INFO] [stderr]    Compiling memoffset v0.7.1
[INFO] [stderr]    Compiling ahash v0.7.6
[INFO] [stderr]    Compiling unicode-bidi v0.3.8
[INFO] [stderr]    Compiling unicode-normalization v0.1.22
[INFO] [stderr]    Compiling percent-encoding v2.2.0
[INFO] [stderr]    Compiling ryu v1.0.12
[INFO] [stderr]    Compiling form_urlencoded v1.1.0
[INFO] [stderr]     Checking num_cpus v1.15.0
[INFO] [stderr]     Checking getrandom v0.2.8
[INFO] [stderr]     Checking mio v0.8.5
[INFO] [stderr]     Checking socket2 v0.4.7
[INFO] [stderr]    Compiling dirs v3.0.2
[INFO] [stderr]    Compiling slab v0.4.7
[INFO] [stderr]    Compiling crossbeam-epoch v0.9.13
[INFO] [stderr]    Compiling proc-macro-error-attr v1.0.4
[INFO] [stderr]    Compiling idna v0.3.0
[INFO] [stderr]    Compiling minimal-lexical v0.2.1
[INFO] [stderr]    Compiling io-lifetimes v1.0.3
[INFO] [stderr]    Compiling futures-task v0.3.25
[INFO] [stderr]    Compiling regex v1.7.0
[INFO] [stderr]    Compiling unicode-width v0.1.10
[INFO] [stderr]    Compiling iana-time-zone v0.1.53
[INFO] [stderr]    Compiling textwrap v0.11.0
[INFO] [stderr]    Compiling nom v7.1.2
[INFO] [stderr]    Compiling chrono v0.4.23
[INFO] [stderr]     Checking rand_core v0.6.4
[INFO] [stderr]    Compiling atty v0.2.14
[INFO] [stderr]    Compiling proc-macro-error v1.0.4
[INFO] [stderr]     Checking tracing-core v0.1.30
[INFO] [stderr]    Compiling utf8-width v0.1.6
[INFO] [stderr]     Checking fnv v1.0.7
[INFO] [stderr]    Compiling tree-sitter v0.20.9
[INFO] [stderr]    Compiling openssl-sys v0.9.80
[INFO] [stderr]     Checking foreign-types-shared v0.1.1
[INFO] [stderr]    Compiling openssl v0.10.45
[INFO] [stderr]    Compiling url v2.3.1
[INFO] [stderr]    Compiling same-file v1.0.6
[INFO] [stderr]    Compiling strsim v0.8.0
[INFO] [stderr]    Compiling chunked_transfer v1.4.1
[INFO] [stderr]     Checking oxiri v0.2.2
[INFO] [stderr]    Compiling ansi_term v0.12.1
[INFO] [stderr]    Compiling rustix v0.36.6
[INFO] [stderr]    Compiling ascii v1.1.0
[INFO] [stderr]     Checking oxilangtag v0.1.3
[INFO] [stderr]    Compiling futures-util v0.3.25
[INFO] [stderr]    Compiling vec_map v0.8.2
[INFO] [stderr]     Checking ppv-lite86 v0.2.17
[INFO] [stderr]    Compiling bindgen v0.63.0
[INFO] [stderr]     Checking scopeguard v1.1.0
[INFO] [stderr]    Compiling clap v2.34.0
[INFO] [stderr]     Checking tracing v0.1.37
[INFO] [stderr]    Compiling walkdir v2.3.2
[INFO] [stderr]     Checking block-buffer v0.10.3
[INFO] [stderr]     Checking crypto-common v0.1.6
[INFO] [stderr]     Checking rand_chacha v0.3.1
[INFO] [stderr]     Checking foreign-types v0.3.2
[INFO] [stderr]     Checking http v0.2.8
[INFO] [stderr]     Checking hashbrown v0.11.2
[INFO] [stderr]    Compiling html-escape v0.2.13
[INFO] [stderr]    Compiling tiny_http v0.8.2
[INFO] [stderr]    Compiling lazycell v1.3.0
[INFO] [stderr]    Compiling peeking_take_while v0.1.2
[INFO] [stderr]     Checking pin-utils v0.1.0
[INFO] [stderr]    Compiling difference v2.0.0
[INFO] [stderr]     Checking futures-sink v0.3.25
[INFO] [stderr]    Compiling native-tls v0.2.11
[INFO] [stderr]     Checking linux-raw-sys v0.1.4
[INFO] [stderr]    Compiling webbrowser v0.5.5
[INFO] [stderr]     Checking futures-io v0.3.25
[INFO] [stderr]    Compiling httparse v1.8.0
[INFO] [stderr]    Compiling smallbitvec v2.5.1
[INFO] [stderr]    Compiling rayon-core v1.10.1
[INFO] [stderr]    Compiling shlex v1.1.0
[INFO] [stderr]    Compiling futures-channel v0.3.25
[INFO] [stderr]    Compiling cexpr v0.6.0
[INFO] [stderr]     Checking lasso v0.6.0
[INFO] [stderr]     Checking rand v0.8.5
[INFO] [stderr]     Checking crossbeam-deque v0.8.2
[INFO] [stderr]     Checking digest v0.10.6
[INFO] [stderr]     Checking crossbeam-channel v0.5.6
[INFO] [stderr]    Compiling heck v0.4.0
[INFO] [stderr]     Checking os_str_bytes v6.4.1
[INFO] [stderr]     Checking try-lock v0.2.3
[INFO] [stderr]    Compiling peg-runtime v0.8.1
[INFO] [stderr]     Checking overload v0.1.1
[INFO] [stderr]     Checking openssl-probe v0.1.5
[INFO] [stderr]     Checking nu-ansi-term v0.46.0
[INFO] [stderr]     Checking clap_lex v0.3.0
[INFO] [stderr]     Checking want v0.3.0
[INFO] [stderr]    Compiling peg-macros v0.8.1
[INFO] [stderr]     Checking http-body v0.4.5
[INFO] [stderr]     Checking quick-xml v0.26.0
[INFO] [stderr]     Checking oxrdf v0.1.1
[INFO] [stderr]     Checking rio_api v0.8.0
[INFO] [stderr]     Checking httpdate v1.0.2
[INFO] [stderr]     Checking tower-service v0.3.2
[INFO] [stderr]    Compiling encoding_rs v0.8.31
[INFO] [stderr]     Checking termcolor v1.1.3
[INFO] [stderr]     Checking strsim v0.10.0
[INFO] [stderr]     Checking cpufeatures v0.2.5
[INFO] [stderr]     Checking rayon v1.6.1
[INFO] [stderr]     Checking diffy v0.3.0
[INFO] [stderr]     Checking json-event-parser v0.1.1
[INFO] [stderr]     Checking tokio-util v0.7.4
[INFO] [stderr]     Checking is-terminal v0.4.2
[INFO] [stderr]     Checking sparesults v0.1.3
[INFO] [stderr]     Checking rio_xml v0.8.0
[INFO] [stderr]     Checking sha2 v0.10.6
[INFO] [stderr]     Checking sha-1 v0.10.1
[INFO] [stderr]     Checking rio_turtle v0.8.0
[INFO] [stderr]     Checking md-5 v0.10.5
[INFO] [stderr]     Checking hex v0.4.3
[INFO] [stderr]     Checking ipnet v2.7.0
[INFO] [stderr]     Checking mime v0.3.16
[INFO] [stderr]     Checking base64 v0.13.1
[INFO] [stderr]     Checking h2 v0.3.15
[INFO] [stderr]     Checking siphasher v0.3.10
[INFO] [stderr]     Checking peg v0.8.1
[INFO] [stderr]     Checking spargebra v0.2.3
[INFO] [stderr]    Compiling thiserror-impl v1.0.38
[INFO] [stderr]    Compiling openssl-macros v0.1.0
[INFO] [stderr]    Compiling clap_derive v4.0.21
[INFO] [stderr]     Checking sysinfo v0.27.2
[INFO] [stderr]     Checking tree-sitter-tags v0.20.2
[INFO] [stderr]     Checking tree-sitter-highlight v0.20.1
[INFO] [stderr]     Checking hyper v0.14.23
[INFO] [stderr]     Checking clap v4.0.32
[INFO] [stderr]    Compiling oxrocksdb-sys v0.3.10
[INFO] [stderr]     Checking tokio-native-tls v0.3.0
[INFO] [stderr]     Checking hyper-tls v0.5.0
[INFO] [stderr]     Checking serde_urlencoded v0.7.1
[INFO] [stderr]     Checking reqwest v0.11.13
[INFO] [stderr]    Compiling toml v0.5.10
[INFO] [stderr]     Checking tree-sitter-config v0.19.0
[INFO] [stderr] error: could not compile `toml` (lib)
[INFO] [stderr] 
[INFO] [stderr] Caused by:
[INFO] [stderr]   process didn't exit successfully: `/opt/rustwide/rustup-home/toolchains/9610dfe5a9a731ced1ea4923ecbd0c57fe367898/bin/rustc --crate-name toml --edition=2018 /opt/rustwide/cargo-home/registry/src/index.crates.io-6f17d22bba15001f/toml-0.5.10/src/lib.rs --error-format=json --json=diagnostic-rendered-ansi,artifacts,future-incompat --crate-type lib --emit=dep-info,metadata,link -C embed-bitcode=no -C debuginfo=0 --cfg 'feature="default"' -C metadata=6cbe48d725a3b3f8 -C extra-filename=-6cbe48d725a3b3f8 --out-dir /opt/rustwide/target/debug/deps -L dependency=/opt/rustwide/target/debug/deps --extern serde=/opt/rustwide/target/debug/deps/libserde-990ae936faa70117.rmeta --cap-lints allow --cap-lints=forbid` (signal: 9, SIGKILL: kill)
[INFO] [stderr] warning: build failed, waiting for other jobs to finish...
[INFO] [stderr] The following warnings were emitted during compilation:
[INFO] [stderr] 
[INFO] [stderr] warning: c++: fatal error: Killed signal terminated program cc1plus
[INFO] [stderr] warning: compilation terminated.
[INFO] [stderr] warning: c++: fatal error: Killed signal terminated program cc1plus
[INFO] [stderr] warning: compilation terminated.
[INFO] [stderr] warning: c++: fatal error: Killed signal terminated program cc1plus
[INFO] [stderr] warning: compilation terminated.
[INFO] [stderr] 
[INFO] [stderr] error: failed to run custom build command for `oxrocksdb-sys v0.3.10`
[INFO] [stderr] note: To improve backtraces for build dependencies, set the CARGO_PROFILE_DEV_BUILD_OVERRIDE_DEBUG=true environment variable to enable debug information generation.
[INFO] [stderr] 
[INFO] [stderr] Caused by:
[INFO] [stderr]   process didn't exit successfully: `/opt/rustwide/target/debug/build/oxrocksdb-sys-ac4f2b4e10430e70/build-script-build` (exit status: 1)
[INFO] [stderr]   --- stdout
[INFO] [stderr]   cargo:rerun-if-changed=api/
[INFO] [stderr]   TARGET = Some("x86_64-unknown-linux-gnu")
[INFO] [stderr]   OPT_LEVEL = Some("0")
[INFO] [stderr]   HOST = Some("x86_64-unknown-linux-gnu")
[INFO] [stderr]   cargo:rerun-if-env-changed=CC_x86_64-unknown-linux-gnu
[INFO] [stderr]   CC_x86_64-unknown-linux-gnu = None
[INFO] [stderr]   cargo:rerun-if-env-changed=CC_x86_64_unknown_linux_gnu
[INFO] [stderr]   CC_x86_64_unknown_linux_gnu = None
[INFO] [stderr]   cargo:rerun-if-env-changed=HOST_CC
[INFO] [stderr]   HOST_CC = None
[INFO] [stderr]   cargo:rerun-if-env-changed=CC
[INFO] [stderr]   CC = None
[INFO] [stderr]   cargo:rerun-if-env-changed=CFLAGS_x86_64-unknown-linux-gnu
[INFO] [stderr]   CFLAGS_x86_64-unknown-linux-gnu = None
[INFO] [stderr]   cargo:rerun-if-env-changed=CFLAGS_x86_64_unknown_linux_gnu
[INFO] [stderr]   CFLAGS_x86_64_unknown_linux_gnu = None
[INFO] [stderr]   cargo:rerun-if-env-changed=HOST_CFLAGS
[INFO] [stderr]   HOST_CFLAGS = None
[INFO] [stderr]   cargo:rerun-if-env-changed=CFLAGS
[INFO] [stderr]   CFLAGS = None
[INFO] [stderr]   cargo:rerun-if-env-changed=CRATE_CC_NO_DEFAULTS
[INFO] [stderr]   CRATE_CC_NO_DEFAULTS = None
[INFO] [stderr]   DEBUG = Some("true")
[INFO] [stderr]   CARGO_CFG_TARGET_FEATURE = Some("fxsr,sse,sse2")
[INFO] [stderr]   running: "cc" "-O0" "-ffunction-sections" "-fdata-sections" "-fPIC" "-gdwarf-4" "-fno-omit-frame-pointer" "-m64" "-Wall" "-Wextra" "-o" "/opt/rustwide/target/debug/build/oxrocksdb-sys-07f3f0e963d5b6c7/out/lz4/lib/xxhash.o" "-c" "lz4/lib/xxhash.c"
[INFO] [stderr]   running: "cc" "-O0" "-ffunction-sections" "-fdata-sections" "-fPIC" "-gdwarf-4" "-fno-omit-frame-pointer" "-m64" "-Wall" "-Wextra" "-o" "/opt/rustwide/target/debug/build/oxrocksdb-sys-07f3f0e963d5b6c7/out/lz4/lib/lz4.o" "-c" "lz4/lib/lz4.c"
[INFO] [stderr]   running: "cc" "-O0" "-ffunction-sections" "-fdata-sections" "-fPIC" "-gdwarf-4" "-fno-omit-frame-pointer" "-m64" "-Wall" "-Wextra" "-o" "/opt/rustwide/target/debug/build/oxrocksdb-sys-07f3f0e963d5b6c7/out/lz4/lib/lz4hc.o" "-c" "lz4/lib/lz4hc.c"
[INFO] [stderr]   running: "cc" "-O0" "-ffunction-sections" "-fdata-sections" "-fPIC" "-gdwarf-4" "-fno-omit-frame-pointer" "-m64" "-Wall" "-Wextra" "-o" "/opt/rustwide/target/debug/build/oxrocksdb-sys-07f3f0e963d5b6c7/out/lz4/lib/lz4frame.o" "-c" "lz4/lib/lz4frame.c"
[INFO] [stderr]   exit status: 0
[INFO] [stderr]   exit status: 0
[INFO] [stderr]   exit status: 0
[INFO] [stderr]   exit status: 0
[INFO] [stderr]   cargo:rerun-if-env-changed=AR_x86_64-unknown-linux-gnu
[INFO] [stderr]   AR_x86_64-unknown-linux-gnu = None
[INFO] [stderr]   cargo:rerun-if-env-changed=AR_x86_64_unknown_linux_gnu
[INFO] [stderr]   AR_x86_64_unknown_linux_gnu = None
[INFO] [stderr]   cargo:rerun-if-env-changed=HOST_AR
[INFO] [stderr]   HOST_AR = None
[INFO] [stderr]   cargo:rerun-if-env-changed=AR
[INFO] [stderr]   AR = None
[INFO] [stderr]   running: ZERO_AR_DATE="1" "ar" "cq" "/opt/rustwide/target/debug/build/oxrocksdb-sys-07f3f0e963d5b6c7/out/liblz4.a" "/opt/rustwide/target/debug/build/oxrocksdb-sys-07f3f0e963d5b6c7/out/lz4/lib/lz4.o" "/opt/rustwide/target/debug/build/oxrocksdb-sys-07f3f0e963d5b6c7/out/lz4/lib/lz4frame.o" "/opt/rustwide/target/debug/build/oxrocksdb-sys-07f3f0e963d5b6c7/out/lz4/lib/lz4hc.o" "/opt/rustwide/target/debug/build/oxrocksdb-sys-07f3f0e963d5b6c7/out/lz4/lib/xxhash.o"
[INFO] [stderr]   exit status: 0
[INFO] [stderr]   running: "ar" "s" "/opt/rustwide/target/debug/build/oxrocksdb-sys-07f3f0e963d5b6c7/out/liblz4.a"
[INFO] [stderr]   exit status: 0
[INFO] [stderr]   cargo:rustc-link-lib=static=lz4
[INFO] [stderr]   cargo:rustc-link-search=native=/opt/rustwide/target/debug/build/oxrocksdb-sys-07f3f0e963d5b6c7/out
[INFO] [stderr]   TARGET = Some("x86_64-unknown-linux-gnu")
[INFO] [stderr]   OPT_LEVEL = Some("0")
[INFO] [stderr]   HOST = Some("x86_64-unknown-linux-gnu")
[INFO] [stderr]   cargo:rerun-if-env-changed=CXX_x86_64-unknown-linux-gnu
[INFO] [stderr]   CXX_x86_64-unknown-linux-gnu = None
[INFO] [stderr]   cargo:rerun-if-env-changed=CXX_x86_64_unknown_linux_gnu
[INFO] [stderr]   CXX_x86_64_unknown_linux_gnu = None
[INFO] [stderr]   cargo:rerun-if-env-changed=HOST_CXX
[INFO] [stderr]   HOST_CXX = None
[INFO] [stderr]   cargo:rerun-if-env-changed=CXX
[INFO] [stderr]   CXX = None
[INFO] [stderr]   cargo:rerun-if-env-changed=CXXFLAGS_x86_64-unknown-linux-gnu
[INFO] [stderr]   CXXFLAGS_x86_64-unknown-linux-gnu = None
[INFO] [stderr]   cargo:rerun-if-env-changed=CXXFLAGS_x86_64_unknown_linux_gnu
[INFO] [stderr]   CXXFLAGS_x86_64_unknown_linux_gnu = None
[INFO] [stderr]   cargo:rerun-if-env-changed=HOST_CXXFLAGS
[INFO] [stderr]   HOST_CXXFLAGS = None
[INFO] [stderr]   cargo:rerun-if-env-changed=CXXFLAGS
[INFO] [stderr]   CXXFLAGS = None
[INFO] [stderr]   cargo:rerun-if-env-changed=CRATE_CC_NO_DEFAULTS
[INFO] [stderr]   CRATE_CC_NO_DEFAULTS = None
[INFO] [stderr]   DEBUG = Some("true")
[INFO] [stderr]   CARGO_CFG_TARGET_FEATURE = Some("fxsr,sse,sse2")
[INFO] [stderr]   cargo:rerun-if-env-changed=CXX_x86_64-unknown-linux-gnu
[INFO] [stderr]   CXX_x86_64-unknown-linux-gnu = None
[INFO] [stderr]   cargo:rerun-if-env-changed=CXX_x86_64_unknown_linux_gnu
[INFO] [stderr]   CXX_x86_64_unknown_linux_gnu = None
[INFO] [stderr]   cargo:rerun-if-env-changed=HOST_CXX
[INFO] [stderr]   HOST_CXX = None
[INFO] [stderr]   cargo:rerun-if-env-changed=CXX
[INFO] [stderr]   CXX = None
[INFO] [stderr]   cargo:rerun-if-env-changed=CXXFLAGS_x86_64-unknown-linux-gnu
[INFO] [stderr]   CXXFLAGS_x86_64-unknown-linux-gnu = None
[INFO] [stderr]   cargo:rerun-if-env-changed=CXXFLAGS_x86_64_unknown_linux_gnu
[INFO] [stderr]   CXXFLAGS_x86_64_unknown_linux_gnu = None
[INFO] [stderr]   cargo:rerun-if-env-changed=HOST_CXXFLAGS
[INFO] [stderr]   HOST_CXXFLAGS = None
[INFO] [stderr]   cargo:rerun-if-env-changed=CXXFLAGS
[INFO] [stderr]   CXXFLAGS = None
[INFO] [stderr]   cargo:rerun-if-env-changed=CRATE_CC_NO_DEFAULTS
[INFO] [stderr]   CRATE_CC_NO_DEFAULTS = None
[INFO] [stderr]   CARGO_CFG_TARGET_FEATURE = Some("fxsr,sse,sse2")
[INFO] [stderr]   running: "c++" "-O0" "-ffunction-sections" "-fdata-sections" "-fPIC" "-gdwarf-4" "-fno-omit-frame-pointer" "-m64" "-I" "rocksdb/include/" "-I" "rocksdb/" "-I" "lz4/lib/" "-Wall" "-Wextra" "-std=c++17" "-Wno-invalid-offsetof" "-msse2" "-DNDEBUG=1" "-DLZ4=1" "-DOS_LINUX" "-DROCKSDB_PLATFORM_POSIX" "-DROCKSDB_LIB_IO_POSIX" "-DROCKSDB_SUPPORT_THREAD_LOCAL" "-DHAVE_UINT128_EXTENSION=1" "-o" "/opt/rustwide/target/debug/build/oxrocksdb-sys-07f3f0e963d5b6c7/out/api/c.o" "-c" "api/c.cc"
[INFO] [stderr]   running: "c++" "-O0" "-ffunction-sections" "-fdata-sections" "-fPIC" "-gdwarf-4" "-fno-omit-frame-pointer" "-m64" "-I" "rocksdb/include/" "-I" "rocksdb/" "-I" "lz4/lib/" "-Wall" "-Wextra" "-std=c++17" "-Wno-invalid-offsetof" "-msse2" "-DNDEBUG=1" "-DLZ4=1" "-DOS_LINUX" "-DROCKSDB_PLATFORM_POSIX" "-DROCKSDB_LIB_IO_POSIX" "-DROCKSDB_SUPPORT_THREAD_LOCAL" "-DHAVE_UINT128_EXTENSION=1" "-o" "/opt/rustwide/target/debug/build/oxrocksdb-sys-07f3f0e963d5b6c7/out/rocksdb/cache/cache.o" "-c" "rocksdb/cache/cache.cc"
[INFO] [stderr]   running: "c++" "-O0" "-ffunction-sections" "-fdata-sections" "-fPIC" "-gdwarf-4" "-fno-omit-frame-pointer" "-m64" "-I" "rocksdb/include/" "-I" "rocksdb/" "-I" "lz4/lib/" "-Wall" "-Wextra" "-std=c++17" "-Wno-invalid-offsetof" "-msse2" "-DNDEBUG=1" "-DLZ4=1" "-DOS_LINUX" "-DROCKSDB_PLATFORM_POSIX" "-DROCKSDB_LIB_IO_POSIX" "-DROCKSDB_SUPPORT_THREAD_LOCAL" "-DHAVE_UINT128_EXTENSION=1" "-o" "/opt/rustwide/target/debug/build/oxrocksdb-sys-07f3f0e963d5b6c7/out/rocksdb/cache/fast_lru_cache.o" "-c" "rocksdb/cache/fast_lru_cache.cc"
[INFO] [stderr]   running: "c++" "-O0" "-ffunction-sections" "-fdata-sections" "-fPIC" "-gdwarf-4" "-fno-omit-frame-pointer" "-m64" "-I" "rocksdb/include/" "-I" "rocksdb/" "-I" "lz4/lib/" "-Wall" "-Wextra" "-std=c++17" "-Wno-invalid-offsetof" "-msse2" "-DNDEBUG=1" "-DLZ4=1" "-DOS_LINUX" "-DROCKSDB_PLATFORM_POSIX" "-DROCKSDB_LIB_IO_POSIX" "-DROCKSDB_SUPPORT_THREAD_LOCAL" "-DHAVE_UINT128_EXTENSION=1" "-o" "/opt/rustwide/target/debug/build/oxrocksdb-sys-07f3f0e963d5b6c7/out/rocksdb/cache/clock_cache.o" "-c" "rocksdb/cache/clock_cache.cc"
[INFO] [stderr]   running: "c++" "-O0" "-ffunction-sections" "-fdata-sections" "-fPIC" "-gdwarf-4" "-fno-omit-frame-pointer" "-m64" "-I" "rocksdb/include/" "-I" "rocksdb/" "-I" "lz4/lib/" "-Wall" "-Wextra" "-std=c++17" "-Wno-invalid-offsetof" "-msse2" "-DNDEBUG=1" "-DLZ4=1" "-DOS_LINUX" "-DROCKSDB_PLATFORM_POSIX" "-DROCKSDB_LIB_IO_POSIX" "-DROCKSDB_SUPPORT_THREAD_LOCAL" "-DHAVE_UINT128_EXTENSION=1" "-o" "/opt/rustwide/target/debug/build/oxrocksdb-sys-07f3f0e963d5b6c7/out/rocksdb/cache/cache_entry_roles.o" "-c" "rocksdb/cache/cache_entry_roles.cc"
[INFO] [stderr]   running: "c++" "-O0" "-ffunction-sections" "-fdata-sections" "-fPIC" "-gdwarf-4" "-fno-omit-frame-pointer" "-m64" "-I" "rocksdb/include/" "-I" "rocksdb/" "-I" "lz4/lib/" "-Wall" "-Wextra" "-std=c++17" "-Wno-invalid-offsetof" "-msse2" "-DNDEBUG=1" "-DLZ4=1" "-DOS_LINUX" "-DROCKSDB_PLATFORM_POSIX" "-DROCKSDB_LIB_IO_POSIX" "-DROCKSDB_SUPPORT_THREAD_LOCAL" "-DHAVE_UINT128_EXTENSION=1" "-o" "/opt/rustwide/target/debug/build/oxrocksdb-sys-07f3f0e963d5b6c7/out/rocksdb/cache/cache_reservation_manager.o" "-c" "rocksdb/cache/cache_reservation_manager.cc"
[INFO] [stderr]   running: "c++" "-O0" "-ffunction-sections" "-fdata-sections" "-fPIC" "-gdwarf-4" "-fno-omit-frame-pointer" "-m64" "-I" "rocksdb/include/" "-I" "rocksdb/" "-I" "lz4/lib/" "-Wall" "-Wextra" "-std=c++17" "-Wno-invalid-offsetof" "-msse2" "-DNDEBUG=1" "-DLZ4=1" "-DOS_LINUX" "-DROCKSDB_PLATFORM_POSIX" "-DROCKSDB_LIB_IO_POSIX" "-DROCKSDB_SUPPORT_THREAD_LOCAL" "-DHAVE_UINT128_EXTENSION=1" "-o" "/opt/rustwide/target/debug/build/oxrocksdb-sys-07f3f0e963d5b6c7/out/rocksdb/cache/cache_key.o" "-c" "rocksdb/cache/cache_key.cc"
[INFO] [stderr]   running: "c++" "-O0" "-ffunction-sections" "-fdata-sections" "-fPIC" "-gdwarf-4" "-fno-omit-frame-pointer" "-m64" "-I" "rocksdb/include/" "-I" "rocksdb/" "-I" "lz4/lib/" "-Wall" "-Wextra" "-std=c++17" "-Wno-invalid-offsetof" "-msse2" "-DNDEBUG=1" "-DLZ4=1" "-DOS_LINUX" "-DROCKSDB_PLATFORM_POSIX" "-DROCKSDB_LIB_IO_POSIX" "-DROCKSDB_SUPPORT_THREAD_LOCAL" "-DHAVE_UINT128_EXTENSION=1" "-o" "/opt/rustwide/target/debug/build/oxrocksdb-sys-07f3f0e963d5b6c7/out/rocksdb/cache/lru_cache.o" "-c" "rocksdb/cache/lru_cache.cc"
[INFO] [stderr]   running: "c++" "-O0" "-ffunction-sections" "-fdata-sections" "-fPIC" "-gdwarf-4" "-fno-omit-frame-pointer" "-m64" "-I" "rocksdb/include/" "-I" "rocksdb/" "-I" "lz4/lib/" "-Wall" "-Wextra" "-std=c++17" "-Wno-invalid-offsetof" "-msse2" "-DNDEBUG=1" "-DLZ4=1" "-DOS_LINUX" "-DROCKSDB_PLATFORM_POSIX" "-DROCKSDB_LIB_IO_POSIX" "-DROCKSDB_SUPPORT_THREAD_LOCAL" "-DHAVE_UINT128_EXTENSION=1" "-o" "/opt/rustwide/target/debug/build/oxrocksdb-sys-07f3f0e963d5b6c7/out/rocksdb/cache/compressed_secondary_cache.o" "-c" "rocksdb/cache/compressed_secondary_cache.cc"
[INFO] [stderr]   running: "c++" "-O0" "-ffunction-sections" "-fdata-sections" "-fPIC" "-gdwarf-4" "-fno-omit-frame-pointer" "-m64" "-I" "rocksdb/include/" "-I" "rocksdb/" "-I" "lz4/lib/" "-Wall" "-Wextra" "-std=c++17" "-Wno-invalid-offsetof" "-msse2" "-DNDEBUG=1" "-DLZ4=1" "-DOS_LINUX" "-DROCKSDB_PLATFORM_POSIX" "-DROCKSDB_LIB_IO_POSIX" "-DROCKSDB_SUPPORT_THREAD_LOCAL" "-DHAVE_UINT128_EXTENSION=1" "-o" "/opt/rustwide/target/debug/build/oxrocksdb-sys-07f3f0e963d5b6c7/out/rocksdb/db/arena_wrapped_db_iter.o" "-c" "rocksdb/db/arena_wrapped_db_iter.cc"
[INFO] [stderr]   running: "c++" "-O0" "-ffunction-sections" "-fdata-sections" "-fPIC" "-gdwarf-4" "-fno-omit-frame-pointer" "-m64" "-I" "rocksdb/include/" "-I" "rocksdb/" "-I" "lz4/lib/" "-Wall" "-Wextra" "-std=c++17" "-Wno-invalid-offsetof" "-msse2" "-DNDEBUG=1" "-DLZ4=1" "-DOS_LINUX" "-DROCKSDB_PLATFORM_POSIX" "-DROCKSDB_LIB_IO_POSIX" "-DROCKSDB_SUPPORT_THREAD_LOCAL" "-DHAVE_UINT128_EXTENSION=1" "-o" "/opt/rustwide/target/debug/build/oxrocksdb-sys-07f3f0e963d5b6c7/out/rocksdb/db/blob/blob_fetcher.o" "-c" "rocksdb/db/blob/blob_fetcher.cc"
[INFO] [stderr]   running: "c++" "-O0" "-ffunction-sections" "-fdata-sections" "-fPIC" "-gdwarf-4" "-fno-omit-frame-pointer" "-m64" "-I" "rocksdb/include/" "-I" "rocksdb/" "-I" "lz4/lib/" "-Wall" "-Wextra" "-std=c++17" "-Wno-invalid-offsetof" "-msse2" "-DNDEBUG=1" "-DLZ4=1" "-DOS_LINUX" "-DROCKSDB_PLATFORM_POSIX" "-DROCKSDB_LIB_IO_POSIX" "-DROCKSDB_SUPPORT_THREAD_LOCAL" "-DHAVE_UINT128_EXTENSION=1" "-o" "/opt/rustwide/target/debug/build/oxrocksdb-sys-07f3f0e963d5b6c7/out/api/build_version.o" "-c" "api/build_version.cc"
[INFO] [stderr]   running: "c++" "-O0" "-ffunction-sections" "-fdata-sections" "-fPIC" "-gdwarf-4" "-fno-omit-frame-pointer" "-m64" "-I" "rocksdb/include/" "-I" "rocksdb/" "-I" "lz4/lib/" "-Wall" "-Wextra" "-std=c++17" "-Wno-invalid-offsetof" "-msse2" "-DNDEBUG=1" "-DLZ4=1" "-DOS_LINUX" "-DROCKSDB_PLATFORM_POSIX" "-DROCKSDB_LIB_IO_POSIX" "-DROCKSDB_SUPPORT_THREAD_LOCAL" "-DHAVE_UINT128_EXTENSION=1" "-o" "/opt/rustwide/target/debug/build/oxrocksdb-sys-07f3f0e963d5b6c7/out/rocksdb/cache/sharded_cache.o" "-c" "rocksdb/cache/sharded_cache.cc"
[INFO] [stderr]   exit status: 0
[INFO] [stderr]   running: "c++" "-O0" "-ffunction-sections" "-fdata-sections" "-fPIC" "-gdwarf-4" "-fno-omit-frame-pointer" "-m64" "-I" "rocksdb/include/" "-I" "rocksdb/" "-I" "lz4/lib/" "-Wall" "-Wextra" "-std=c++17" "-Wno-invalid-offsetof" "-msse2" "-DNDEBUG=1" "-DLZ4=1" "-DOS_LINUX" "-DROCKSDB_PLATFORM_POSIX" "-DROCKSDB_LIB_IO_POSIX" "-DROCKSDB_SUPPORT_THREAD_LOCAL" "-DHAVE_UINT128_EXTENSION=1" "-o" "/opt/rustwide/target/debug/build/oxrocksdb-sys-07f3f0e963d5b6c7/out/rocksdb/db/blob/blob_file_addition.o" "-c" "rocksdb/db/blob/blob_file_addition.cc"
[INFO] [stderr]   exit status: 0
[INFO] [stderr]   running: "c++" "-O0" "-ffunction-sections" "-fdata-sections" "-fPIC" "-gdwarf-4" "-fno-omit-frame-pointer" "-m64" "-I" "rocksdb/include/" "-I" "rocksdb/" "-I" "lz4/lib/" "-Wall" "-Wextra" "-std=c++17" "-Wno-invalid-offsetof" "-msse2" "-DNDEBUG=1" "-DLZ4=1" "-DOS_LINUX" "-DROCKSDB_PLATFORM_POSIX" "-DROCKSDB_LIB_IO_POSIX" "-DROCKSDB_SUPPORT_THREAD_LOCAL" "-DHAVE_UINT128_EXTENSION=1" "-o" "/opt/rustwide/target/debug/build/oxrocksdb-sys-07f3f0e963d5b6c7/out/rocksdb/db/blob/blob_file_builder.o" "-c" "rocksdb/db/blob/blob_file_builder.cc"
[INFO] [stderr]   running: "c++" "-O0" "-ffunction-sections" "-fdata-sections" "-fPIC" "-gdwarf-4" "-fno-omit-frame-pointer" "-m64" "-I" "rocksdb/include/" "-I" "rocksdb/" "-I" "lz4/lib/" "-Wall" "-Wextra" "-std=c++17" "-Wno-invalid-offsetof" "-msse2" "-DNDEBUG=1" "-DLZ4=1" "-DOS_LINUX" "-DROCKSDB_PLATFORM_POSIX" "-DROCKSDB_LIB_IO_POSIX" "-DROCKSDB_SUPPORT_THREAD_LOCAL" "-DHAVE_UINT128_EXTENSION=1" "-o" "/opt/rustwide/target/debug/build/oxrocksdb-sys-07f3f0e963d5b6c7/out/rocksdb/db/blob/blob_file_cache.o" "-c" "rocksdb/db/blob/blob_file_cache.cc"
[INFO] [stderr]   running: "c++" "-O0" "-ffunction-sections" "-fdata-sections" "-fPIC" "-gdwarf-4" "-fno-omit-frame-pointer" "-m64" "-I" "rocksdb/include/" "-I" "rocksdb/" "-I" "lz4/lib/" "-Wall" "-Wextra" "-std=c++17" "-Wno-invalid-offsetof" "-msse2" "-DNDEBUG=1" "-DLZ4=1" "-DOS_LINUX" "-DROCKSDB_PLATFORM_POSIX" "-DROCKSDB_LIB_IO_POSIX" "-DROCKSDB_SUPPORT_THREAD_LOCAL" "-DHAVE_UINT128_EXTENSION=1" "-o" "/opt/rustwide/target/debug/build/oxrocksdb-sys-07f3f0e963d5b6c7/out/rocksdb/db/blob/blob_file_garbage.o" "-c" "rocksdb/db/blob/blob_file_garbage.cc"
[INFO] [stderr]   cargo:warning=c++: fatal error: Killed signal terminated program cc1plus
[INFO] [stderr]   cargo:warning=compilation terminated.
[INFO] [stderr]   exit status: 1
[INFO] [stderr]   running: "c++" "-O0" "-ffunction-sections" "-fdata-sections" "-fPIC" "-gdwarf-4" "-fno-omit-frame-pointer" "-m64" "-I" "rocksdb/include/" "-I" "rocksdb/" "-I" "lz4/lib/" "-Wall" "-Wextra" "-std=c++17" "-Wno-invalid-offsetof" "-msse2" "-DNDEBUG=1" "-DLZ4=1" "-DOS_LINUX" "-DROCKSDB_PLATFORM_POSIX" "-DROCKSDB_LIB_IO_POSIX" "-DROCKSDB_SUPPORT_THREAD_LOCAL" "-DHAVE_UINT128_EXTENSION=1" "-o" "/opt/rustwide/target/debug/build/oxrocksdb-sys-07f3f0e963d5b6c7/out/rocksdb/db/blob/blob_file_meta.o" "-c" "rocksdb/db/blob/blob_file_meta.cc"
[INFO] [stderr]   exit status: 0
[INFO] [stderr]   exit status: 0
[INFO] [stderr]   cargo:warning=c++: fatal error: Killed signal terminated program cc1plus
[INFO] [stderr]   cargo:warning=compilation terminated.
[INFO] [stderr]   exit status: 1
[INFO] [stderr]   cargo:warning=c++: fatal error: Killed signal terminated program cc1plus
[INFO] [stderr]   cargo:warning=compilation terminated.
[INFO] [stderr]   exit status: 1
[INFO] [stderr]   exit status: 0
[INFO] [stderr]   exit status: 0
[INFO] [stderr]   exit status: 0
[INFO] [stderr]   exit status: 0
[INFO] [stderr]   exit status: 0
[INFO] [stderr]   exit status: 0
[INFO] [stderr]   exit status: 0
[INFO] [stderr]   exit status: 0
[INFO] [stderr]   exit status: 0
[INFO] [stderr]   exit status: 0
[INFO] [stderr]   exit status: 0
[INFO] [stderr] 
[INFO] [stderr]   --- stderr
[INFO] [stderr]   error: 'rustfmt' is not installed for the toolchain '9610dfe5a9a731ced1ea4923ecbd0c57fe367898'
[INFO] [stderr]   note: this is a custom toolchain, which cannot use `rustup component add`
[INFO] [stderr]   help: if you built this toolchain from source, and used `rustup toolchain link`, then you may be able to build the component with `x.py`
[INFO] [stderr]   Failed to run rustfmt: Internal rustfmt error (non-fatal, continuing)
[INFO] [stderr] 
[INFO] [stderr] 
[INFO] [stderr]   error occurred: Command "c++" "-O0" "-ffunction-sections" "-fdata-sections" "-fPIC" "-gdwarf-4" "-fno-omit-frame-pointer" "-m64" "-I" "rocksdb/include/" "-I" "rocksdb/" "-I" "lz4/lib/" "-Wall" "-Wextra" "-std=c++17" "-Wno-invalid-offsetof" "-msse2" "-DNDEBUG=1" "-DLZ4=1" "-DOS_LINUX" "-DROCKSDB_PLATFORM_POSIX" "-DROCKSDB_LIB_IO_POSIX" "-DROCKSDB_SUPPORT_THREAD_LOCAL" "-DHAVE_UINT128_EXTENSION=1" "-o" "/opt/rustwide/target/debug/build/oxrocksdb-sys-07f3f0e963d5b6c7/out/api/c.o" "-c" "api/c.cc" with args "c++" did not execute successfully (status code exit status: 1).
[INFO] [stderr] 
[INFO] [stderr] 
[INFO] running `Command { std: "docker" "inspect" "4cef12ce309077095ac1de8b61fdaa5a3759287c3ac64c162ecdd8e35e648ada", kill_on_drop: false }`
[INFO] running `Command { std: "docker" "rm" "-f" "4cef12ce309077095ac1de8b61fdaa5a3759287c3ac64c162ecdd8e35e648ada", kill_on_drop: false }`
[INFO] [stdout] 4cef12ce309077095ac1de8b61fdaa5a3759287c3ac64c162ecdd8e35e648ada
